remainder when 101 is divided by 7?
3
Calculate the remainder when 2192 is divided by 1088.
16
What is the remainder when 87044 is divided by 29000?
44
What is the remainder when 24453 is divided by 740?
33
What is the remainder when 2472 is divided by 362?
300
What is the remainder when 15641 is divided by 1291?
149
Calculate the remainder when 1879915 is divided by 559.
557
What is the remainder when 3261 is divided by 652?
1
Calculate the remainder when 10662 is divided by 92.
82
Calculate the remainder when 12980739 is divided by 382.
379
Calculate the remainder when 75023 is divided by 12.
11
What is the remainder when 323 is divided by 215?
108
Calculate the remainder when 69834 is divided by 21.
9
Calculate the remainder when 12013 is divided by 12005.
8
Calculate the remainder when 8144 is divided by 54.
44
What is the remainder when 7057 is divided by 70?
57
What is the remainder when 1225 is divided by 400?
25
What is the remainder when 115705 is divided by 989?
981
What is the remainder when 53378 is divided by 295?
278
Calculate the remainder when 1448 is divided by 661.
126
Calculate the remainder when 158533 is divided by 65.
63
Calculate the remainder when 11983 is divided by 69.
46
Calculate the remainder when 31213 is divided by 6241.
8
What is the remainder when 1128 is divided by 147?
99
What is the remainder when 486 is divided by 263?
223
Calculate the remainder when 12914 is divided by 341.
297
Calculate the remainder when 5217 is divided by 23.
19
Calculate the remainder when 55742 is divided by 18.
14
Calculate the remainder when 4341 is divided by 24.
21
What is the remainder when 29958 is divided by 7?
5
What is the remainder when 74244 is divided by 2119?
79
What is the remainder when 7248 is divided by 49?
45
What is the remainder when 1815 is divided by 19?
10
Calculate the remainder when 52450 is divided by 10488.
10
Calculate the remainder when 6591 is divided by 328.
31
What is the remainder when 38287 is divided by 5464?
39
Calculate the remainder when 29239 is divided by 136.
135
Calculate the remainder when 35853 is divided by 17918.
17
Calculate the remainder when 12035 is divided by 11893.
142
What is the remainder when 4576 is divided by 159?
124
What is the remainder when 4547 is divided by 4416?
131
Calculate the remainder when 73992 is divided by 2109.
177
Calculate the remainder when 4474 is divided by 1802.
870
Calculate the remainder when 1548272 is divided by 658.
656
Calculate the remainder when 355418 is divided by 13.
11
Calculate the remainder when 224792 is divided by 100.
92
Calculate the remainder when 14395 is divided by 20.
15
What is the remainder when 1303 is divided by 65?
3
Calculate the remainder when 1496 is divided by 313.
244
Calculate the remainder when 21227 is divided by 517.
30
What is the remainder when 143204 is divided by 47704?
92
Calculate the remainder when 14913 is divided by 2483.
15
What is the remainder when 9218 is divided by 4502?
214
Calculate the remainder when 15919 is divided by 748.
211
What is the remainder when 705 is divided by 79?
73
Calculate the remainder when 47487 is divided by 624.
63
Calculate the remainder when 404089 is divided by 49.
35
Calculate the remainder when 228 is divided by 65.
33
Calculate the remainder when 7900 is divided by 830.
430
Calculate the remainder when 1483 is divided by 62.
57
What is the remainder when 125469 is divided by 5699?
91
What is the remainder when 38953 is divided by 867?
805
What is the remainder when 9242 is divided by 543?
11
Calculate the remainder when 3012 is divided by 128.
68
Calculate the remainder when 4756 is divided by 417.
169
Calculate the remainder when 1914794 is divided by 52.
50
What is the remainder when 767598 is divided by 46?
42
What is the remainder when 8940 is divided by 1784?
20
What is the remainder when 26722 is divided by 13355?
12
What is the remainder when 828 is divided by 201?
24
What is the remainder when 5880 is divided by 1171?
25
Calculate the remainder when 34927 is divided by 246.
241
What is the remainder when 58240 is divided by 58229?
11
What is the remainder when 22147 is divided by 10?
7
What is the remainder when 119992 is divided by 20?
12
Calculate the remainder when 259 is divided by 15.
4
Calculate the remainder when 55146 is divided by 116.
46
What is the remainder when 890 is divided by 739?
151
What is the remainder when 73766 is divided by 24575?
41
What is the remainder when 1126 is divided by 39?
34
What is the remainder when 6278 is divided by 224?
6
What is the remainder when 81474 is divided by 27158?
0
What is the remainder when 10031 is divided by 205?
191
Calculate the remainder when 129433 is divided by 43140.
13
Calculate the remainder when 47816 is divided by 995.
56
What is the remainder when 3336 is divided by 786?
192
What is the remainder when 6633 is divided by 1368?
1161
Calculate the remainder when 66060 is divided by 26.
20
What is the remainder when 306196 is divided by 40?
36
Calculate the remainder when 2518266 is divided by 169.
166
Calculate the remainder when 4184 is divided by 2083.
18
Calculate the remainder when 16658 is divided by 2776.
2
What is the remainder when 4919 is divided by 4913?
6
Calculate the remainder when 66958 is divided by 372.
370
Calculate the remainder when 1940 is divided by 970.
0
What is the remainder when 1292092 is divided by 95?
92
Calculate the remainder when 458276 is divided by 18.
14
What is the remainder when 133 is divided by 99?
34
What is the remainder when 2434 is divided by 1183?
68
What is the remainder when 1407 is divided by 68?
47
Calculate the remainder when 97343 is divided by 118.
111
Calculate the remainder when 8951 is divided by 112.
103
What is the remainder when 811 is divided by 119?
97
What is the remainder when 3850 is divided by 1835?
180
What is the remainder when 127543 is divided by 133?
129
Calculate the remainder when 1911 is divided by 946.
19
What is the remainder when 3611 is divided by 156?
23
Calculate the remainder when 135 is divided by 85.
50
What is the remainder when 79570 is divided by 609?
400
Calculate the remainder when 1006 is divided by 313.
67
Calculate the remainder when 503 is divided by 27.
17
What is the remainder when 113445 is divided by 56716?
13
Calculate the remainder when 2050268 is divided by 96.
92
What is the remainder when 9245 is divided by 942?
767
Calculate the remainder when 30269 is divided by 103.
90
What is the remainder when 2571 is divided by 430?
421
What is the remainder when 59299 is divided by 29643?
13
What is the remainder when 176976 is divided by 58960?
96
Calculate the remainder when 1192 is divided by 35.
2
Calculate the remainder when 5268 is divided by 4998.
270
Calculate the remainder when 293107 is divided by 41.
39
Calculate the remainder when 29399 is divided by 243.
239
Calculate the remainder when 44368 is divided by 14777.
37
What is the remainder when 196546 is divided by 66?
64
What is the remainder when 1226 is divided by 477?
272
Calculate the remainder when 18561 is divided by 3091.
15
What is the remainder when 8447 is divided by 2097?
59
What is the remainder when 39553 is divided by 319?
316
What is the remainder when 70317 is divided by 3347?
30
Calculate the remainder when 536 is divided by 526.
10
What is the remainder when 14086 is divided by 4?
2
What is the remainder when 35877 is divided by 1712?
1637
What is the remainder when 295 is divided by 144?
7
Calculate the remainder when 272157 is divided by 16.
13
What is the remainder when 264490 is divided by 316?
314
What is the remainder when 60788 is divided by 9?
2
Calculate the remainder when 3496 is divided by 633.
331
What is the remainder when 1572037 is divided by 15?
7
Calculate the remainder when 899962 is divided by 702.
700
Calculate the remainder when 3453 is divided by 66.
21
What is the remainder when 2690 is divided by 301?
282
Calculate the remainder when 43467 is divided by 247.
242
What is the remainder when 14523 is divided by 3592?
155
Calculate the remainder when 1732 is divided by 563.
43
What is the remainder when 1513627 is divided by 23?
20
What is the remainder when 83347 is divided by 5953?
5
Calculate the remainder when 10331